n 1192031 is divided by 288.
287
What is the remainder when 576767 is divided by 890?
47
What is the remainder when 10884 is divided by 3626?
6
Calculate the remainder when 760294 is divided by 4132.
6
What is the remainder when 645790 is divided by 15370?
250
What is the remainder when 441205 is divided by 403?
323
Calculate the remainder when 218631 is divided by 27057.
2175
What is the remainder when 128616542 is divided by 1495541?
16
What is the remainder when 22075874 is divided by 229957?
2
What is the remainder when 10551898 is divided by 121?
93
Calculate the remainder when 3957793 is divided by 61840.
33
What is the remainder when 3472897 is divided by 44?
21
What is the remainder when 2999116 is divided by 981?
199
Calculate the remainder when 78763189 is divided by 571.
20
What is the remainder when 1174885 is divided by 369?
358
What is the remainder when 393551 is divided by 196762?
27
Calculate the remainder when 37792 is divided by 5158.
1686
What is the remainder when 536630 is divided by 178833?
131
Calculate the remainder when 633133 is divided by 373.
152
What is the remainder when 29732735 is divided by 4224?
4223
Calculate the remainder when 355400 is divided by 176353.
2694
Calculate the remainder when 7743152 is divided by 2580886.
494
Calculate the remainder when 546708 is divided by 68295.
348
What is the remainder when 1340249 is divided by 8273?
23
Calculate the remainder when 13620 is divided by 2722.
10
What is the remainder when 58420469 is divided by 905?
4
What is the remainder when 14781 is divided by 2512?
2221
Calculate the remainder when 683690372 is divided by 7487.
7480
What is the remainder when 22075401 is divided by 2452819?
30
Calculate the remainder when 105854585 is divided by 28.
25
What is the remainder when 3993875 is divided by 773?
557
Calculate the remainder when 196224 is divided by 7125.
3849
What is the remainder when 24401362 is divided by 1435374?
4
What is the remainder when 266448 is divided by 257?
196
Calculate the remainder when 3771732 is divided by 1109.
23
What is the remainder when 18306 is divided by 1735?
956
What is the remainder when 928102 is divided by 424?
390
What is the remainder when 5973143 is divided by 1745?
8
What is the remainder when 15500 is divided by 711?
569
Calculate the remainder when 2585267 is divided by 592.
3
What is the remainder when 15783808 is divided by 199795?
3
What is the remainder when 4010981 is divided by 803?
799
What is the remainder when 1359988 is divided by 21?
7
What is the remainder when 844252 is divided by 4613?
73
Calculate the remainder when 26907222 is divided by 2447.
10
Calculate the remainder when 1314371 is divided by 657185.
1
Calculate the remainder when 43253973 is divided by 241.
16
Calculate the remainder when 114658571 is divided by 34.
31
What is the remainder when 19240991 is divided by 153?
17
Calculate the remainder when 359482618 is divided by 119827538.
4
Calculate the remainder when 9305934 is divided by 593.
578
What is the remainder when 2609318 is divided by 478?
394
Calculate the remainder when 579162 is divided by 1441.
1321
What is the remainder when 72412586 is divided by 677?
666
Calculate the remainder when 1270738 is divided by 49.
21
What is the remainder when 635581 is divided by 79?
26
Calculate the remainder when 3822707 is divided by 79.
55
What is the remainder when 678395 is divided by 180?
155
What is the remainder when 58479903 is divided by 15?
3
Calculate the remainder when 181710370 is divided by 310616.
10
What is the remainder when 86683 is divided by 10654?
1451
What is the remainder when 29606764 is divided by 29606762?
2
What is the remainder when 612548 is divided by 204109?
221
What is the remainder when 26049466 is divided by 525?
16
Calculate the remainder when 1285198 is divided by 214133.
400
Calculate the remainder when 214110411 is divided by 126.
123
What is the remainder when 59786396 is divided by 1551?
1550
Calculate the remainder when 3562473 is divided by 890617.
5
What is the remainder when 45972 is divided by 2437?
2106
Calculate the remainder when 115228621 is divided by 1778.
1775
What is the remainder when 1972583 is divided by 22?
19
Calculate the remainder when 231325 is divided by 57828.
13
What is the remainder when 1272974 is divided by 21?
17
What is the remainder when 52713 is divided by 268?
185
What is the remainder when 243530394 is divided by 157?
1
What is the remainder when 343379 is divided by 575?
104
Calculate the remainder when 2235816 is divided by 558920.
136
What is the remainder when 102725 is divided by 1363?
500
Calculate the remainder when 4481524 is divided by 4481503.
21
What is the remainder when 4743 is divided by 3410?
1333
Calculate the remainder when 248547 is divided by 2056.
1827
What is the remainder when 252549603 is divided by 2?
1
Calculate the remainder when 214169 is divided by 900.
869
What is the remainder when 489053 is divided by 2911?
5
What is the remainder when 9207 is divided by 3462?
2283
Calculate the remainder when 53011 is divided by 4619.
2202
What is the remainder when 25049574 is divided by 4932?
4878
Calculate the remainder when 23810 is divided by 2620.
230
Calculate the remainder when 8756596 is divided by 557.
556
Calculate the remainder when 343917 is divided by 1819.
126
Calculate the remainder when 29339934 is divided by 9.
6
Calculate the remainder when 1157537 is divided by 289335.
197
Calculate the remainder when 501824 is divided by 19969.
2599
Calculate the remainder when 591401 is divided by 295694.
13
Calculate the remainder when 263915 is divided by 86636.
4007
What is the remainder when 2696198 is divided by 325?
323
Calculate the remainder when 53087999 is divided by 1750.
1749
Calculate the remainder when 70273 is divided by 9964.
525
Calculate the remainder when 117567 is divided by 355.
62
Calculate the remainder when 232662 is divided by 1836.
1326
Calculate the remainder when 5731008 is divided by 5730995.
13
Calculate the remainder when 497939 is divided by 1930.
1929
Calculate the remainder when 158207 is divided by 4653.
5
What is the remainder when 448024 is divided by 26330?
414
What is the remainder when 1014029 is divided by 56?
37
What is the remainder when 26767779 is divided by 130?
129
Calculate the remainder when 65142 is divided by 15231.
4218
What is the remainder when 6461924 is divided by 2153971?
11
Calculate the remainder when 3167070 is divided by 9686.
9434
Calculate the remainder when 42796499 is divided by 436.
47
Calculate the remainder when 739284 is divided by 114.
108
Calculate the remainder when 2180263 is divided by 2357.
38
Calculate the remainder when 766278 is divided by 392.
310
What is the remainder when 14987 is divided by 1653?
110
Calculate the remainder when 381648 is divided by 190804.
40
What is the remainder when 136419122 is divided by 397?
394
Calculate the remainder when 153940 is divided by 9239.
6116
Calculate the remainder when 57935 is divided by 28924.
87
What is the remainder when 15667 is divided by 741?
106
What is the remainder when 1583657 is divided by 316546?
927
Calculate the remainder when 18495 is divided by 5705.
1380
Calculate the remainder when 4810812 is divided by 601253.
788
Calculate the remainder when 10426915 is divided by 99303.
100
What is the remainder when 4400103 is divided by 450?
3
What is the remainder when 398170 is divided by 405?
55
Calculate the remainder when 110988 is divided by 133.
66
Calculate the remainder when 418817 is divided by 164.
125
What is the remainder when 107377 is divided by 51388?
4601
What is the remainder when 268434535 is divided by 54?
49
Calculate the remainder when 2115298 is divided by 1471.
0
What is the remainder when 56132756 is divided by 45?
26
Calculate the remainder when 1492274 is divided by 1103.
1018
What is the remainder when 20456243 is divided by 70?
3
What is the remainder when 671865 is divided by 106?
37
What is the remainder when 630668001 is divided by 8924?
8921
Calculate the remainder when 144850 is divided by 36187.
102
What is the remainder when 71694 is divided by 5433?
1065
Calculate the remainder when 348820756 is divided by 638.
636
What is the remainder when 1